c(i) = 2*i**2 - 58*i - 685. What is the hundreds digit of c(-14)?
5
Let r = -36 + 6. What is the units digit of (7/3)/((-10)/r)?
7
Let k = 1655 + 2792. What is the thousands digit of k?
4
Let l(y) = 3*y**2 - 6*y - 8. Let z be l(-2). Suppose -11*a - 60 = -z*a. What is the units digit of a?
2
Suppose -3*f + 87 = -4*w, 67 = -4*w - 5*f - 12. Let x = 43 + w. What is the units digit of x?
2
Suppose 49*d = 54*d - 6510. What is the units digit of d?
2
Suppose -3*l - 5*r = -11, 4*r = -4*l - 0*r + 12. What is the units digit of 6 - l - (-76 - -2)?
8
Let d(t) = 34*t + 24. Let r be d(4). Let q = r + -6. What is the units digit of q?
4
Suppose 8 = 4*i, 6*k - k - 2*i - 6 = 0. What is the units digit of 183/k - (-15)/(-10)?
0
Let w(a) = -a**3 + 8*a**2. Let s be w(7). Suppose 8 + 44 = -2*v. Let u = s + v. What is the tens digit of u?
2
Let f(a) = -3*a**3 + 19*a**2 - 12*a - 92. What is the hundreds digit of f(-9)?
7
Suppose 2*k + 573 = 5*k. Let u = -5 + k. What is the tens digit of u?
8
Suppose -w = a + 4*a + 830, a + 177 = 2*w. Let y = 269 + a. What is the tens digit of y?
0
What is the thousands digit of 413478/99 + (54/33)/(-3)?
4
Let h = 1183 - 458. What is the units digit of h?
5
Let k = 141 - 199. Let j = -28 - k. What is the units digit of j?
0
Suppose -5*g + 8*g = 1032. Let m be g/(-1*4) - -1. Let v = 122 + m. What is the units digit of v?
7
Let a(s) = -2*s + 4. Let n be a(2). Suppose n = 5*r + 99 + 481. Let i = r - -178. What is the tens digit of i?
6
Let a(i) = -i**2 - 15*i + 4. Let f be a(-11). Suppose 9 = -g - 2*g. What is the tens digit of g/((-57)/f + 1)?
1
Let w be 2 - -3*4/(-12). Let c be w + 3*(-8)/(-6). Suppose 3*l - 224 = -l + c*p, -p - 208 = -4*l. What is the tens digit of l?
5
What is the tens digit of (-4)/10 - (9816/(-15) + 8)?
4
Let t(v) = 7*v**2 + 54*v - 129. What is the units digit of t(13)?
6
Let t be (725/(-150))/(1*(-2)/12). Let w(y) = -y**3 + 28*y**2 + 34*y + 4. What is the units digit of w(t)?
9
Suppose 0 = 3*c + 3*f + 6, 0*c = -c - 5*f - 22. Suppose -c*y + 100 = -146. What is the units digit of y?
2
Let s = 515 - 424. What is the units digit of s?
1
Let h(z) = 47*z + 277. What is the tens digit of h(11)?
9
Suppose c - 6 = 19. Suppose -c = -5*y - 0*y. Suppose -y*a - 5*u + 140 = 0, 0*a - u = -a + 22. What is the units digit of a?
5
Let q(v) = 5*v**2 - 7*v - 3. Let k be q(6). Let l = k - 43. What is the units digit of l?
2
Suppose 4*j = -5*q + 9*j + 2730, 4*j = -q + 521. What is the tens digit of q?
4
Suppose 4*y + 2*d = 266, -2*y + 5*d - 80 = -3*y. Let n = y - -134. What is the units digit of n?
9
Let o(v) = 43*v**3 - v**2 - v + 1. Suppose 3*q - 9 = -0. Let d = 4 - q. What is the tens digit of o(d)?
4
Suppose -h = -0*h - 5, -5*x + 3*h = 455. Let r = x + 164. What is the tens digit of r?
7
Let q be 3 - (0 - -3)/(-3). Suppose 841 = q*k - v, 6*k - 2*k - 836 = -4*v. Suppose k = 12*r - 7*r. What is the units digit of r?
2
Suppose -497 = -z - 3*s, -4*s - 2447 = 22*z - 27*z. What is the units digit of z?
1
Suppose 55*j = 51*j + 96. Let m(k) = 25*k**2 - 1. Let u be m(1). Suppose -4*w + u + j = 0. What is the units digit of w?
2
Let t be 144/42 - 4/(-7). Suppose 4*u = -m - t*m + 80, 2*m = 5*u - 1. What is the units digit of m?
2
Let p = -230 - -422. Suppose -p = -5*s + 518. What is the tens digit of s?
4
Let l = -12 - -12. Let a be 1 + l + 2 - 1. What is the units digit of a*((-75)/(-6) + -2)?
1
What is the units digit of (-27596)/(-32) - (-6)/(-16)?
2
What is the units digit of -1 + 0 + 14*1356/24?
0
Let o = 11121 + -6434. What is the hundreds digit of o?
6
Let z be ((-27)/6)/(1/2). Let x be 94/6 + (-3)/z. Suppose -8 - x = -3*a. What is the units digit of a?
8
Suppose -156 = -2*i - i. Suppose i - 667 = -5*h. What is the tens digit of h?
2
Let g(p) = -11*p - 25. Let o be g(9). Let m = 177 + o. What is the units digit of m?
3
Suppose -y = 2*a - 89, 0 = 22*a - 26*a + 4*y + 148. What is the tens digit of a?
4
Let m be 2/(-12) - 1572/72. Let g = 76 + m. What is the units digit of g?
4
Let s be (-2 + (-42)/(-18))*(0 - 0). Suppose -3*a = d - 58, s = 2*a - d - 2*d - 57. What is the tens digit of a?
2
Suppose 9*b = 7*b + 244. Let c = b + -72. What is the tens digit of c?
5
Let i = -319 + 899. What is the hundreds digit of i?
5
Let d be (-10 - 0)*63/(-14). Suppose -4*f = 5*y - d, 0 = -4*f - y + 4*y + 37. What is the units digit of f?
0
Let x be (2 - -6) + (-4)/1. Suppose -5*w = 2*f - 309, 0 = x*w - 18 + 6. What is the hundreds digit of f?
1
What is the tens digit of (208/12)/((-1)/(-6))?
0
Let w(l) = -22*l**2 + 5*l - 3. Let m be w(2). Let k = 166 + m. What is the units digit of k?
5
Suppose 13*f = 36 + 68. Suppose 0 = 2*d - 8, 44 = -6*r + f*r - 4*d. What is the tens digit of r?
3
Let x(y) = -y - 9. Let m be x(-11). Let u be (3 - 3) + 0/(-2). Suppose 14 + 26 = 5*d - 3*s, u = m*d + 2*s - 16. What is the units digit of d?
8
Let t(b) = -8*b - 34. Let o(m) = -2*m**2 - 7*m - 10. Let v be o(-4). What is the units digit of t(v)?
8
Suppose 3*z - 10 = 2. What is the hundreds digit of 114/(-2*((-4)/2)/z)?
1
Let r(w) = 4*w**2 + 9*w + 13. What is the units digit of r(8)?
1
What is the thousands digit of ((-83)/166)/(1/(-6158))?
3
Let w(r) = 83*r - 9. What is the tens digit of w(2)?
5
Let q(g) = -4*g + 393. What is the hundreds digit of q(41)?
2
Suppose -s + 4*g + 1 = -7, -3*s - g + 37 = 0. Let r = s + -10. Suppose 4 = -r*w + 88. What is the tens digit of w?
4
What is the tens digit of (-145)/174 + 4865/6?
1
Suppose -51 = -5*o - 1. Let u = o - -6. What is the tens digit of u?
1
What is the hundreds digit of (25 + -21)/((-4)/(-3)) + 816?
8
Let t(i) = -i**3 + i**2 - i + 216. Let d be t(0). Let m = -141 + d. Let s = m - 45. What is the tens digit of s?
3
Suppose -4*k + 477 = -5*y, 0*k + 5*y = 2*k - 251. Suppose -3*a + k = 5. What is the tens digit of a?
3
Suppose 2*p - 1 = -21. Let o = p + 23. What is the tens digit of o?
1
Suppose -16 - 149 = -5*v. Suppose -d = -2*r + 2*d + 68, -r + 2*d + v = 0. What is the tens digit of r?
3
Suppose 0 = -d - 0*d - 23. Let j be 393/12 + (-1)/(-4). Let r = j + d. What is the units digit of r?
0
Suppose -6*n + 7 = -17. Suppose 5*b - 400 = 4*j, n*b + 2*j - 227 - 67 = 0. What is the units digit of b?
6
Suppose 5*s = -2*j + 14273, 13030 + 1240 = 5*s + 5*j. What is the units digit of s?
5
What is the tens digit of ((-9)/18)/(-2 + (-5613)/(-2808))?
6
Suppose 2*d - 9 = 5*q, -q = q - 6. Let x be (-1 + 15)*d/14. Suppose 50 = -11*t + x*t. What is the tens digit of t?
5
Suppose -10*v + 8*v = -394. Suppose 3*x + 5*w - v = 408, -398 = -2*x + 2*w. Suppose i + x = 4*t, 5*t + 2*i + 3*i - 250 = 0. What is the tens digit of t?
5
Let v = 86 - 84. Let t(x) = x**2 - 3. Let k be t(3). Suppose 34 = v*w - k. What is the units digit of w?
0
Let h = -3041 + 5374. What is the tens digit of h?
3
Suppose 0 = 4*m - 123 + 15. Let l = m - 25. Suppose -l*o = o, 0 = -5*d - 3*o + 195. What is the units digit of d?
9
Let w = 6 - 2. Suppose 0 = 4*z - 8*z + 20. Suppose b + z*d = 10, -198 = -4*b + w*d - 62. What is the tens digit of b?
3
Let g be ((-50)/(-4) - 2)*2. Suppose 14 = 5*f - g. Suppose -2*a = f*a - 531. What is the tens digit of a?
5
Suppose 5747 = -r - 294. What is the tens digit of r/(-28) - (-1)/4?
1
Let f(a) = -21*a - 1. Let j be f(-4). Let o(s) = 2*s**2 + 2*s - 51. Let u be o(0). Let v = j + u. What is the tens digit of v?
3
Suppose 0 = -2*z - 10, 5*l = -3*z - z - 90. Let j = -10 - l. Suppose c + c - j = 0. What is the units digit of c?
2
Let n be 5/(15/(-12)) - 0 - -3455. Suppose -5*s + n = 12*s. What is the hundreds digit of s?
2
Let f(y) = 37*y. Let n be f(-4). What is the units digit of n/(-6) + 10/(-15)?
4
Let c(g) = g**2 + 8*g + 90. What is the units digit of c(0)?
0
Let y be (-2)/(-2)*(-6 - 0 - -13). Let i(p) = 5*p - 10 + 4 + 10 + 16. What is the units digit of i(y)?
5
Let v = -173 - -310. What is the units digit of v?
7
Let v(s) = 3*s + 36. Let z be v(-10). What is the tens digit of (6/9)/(z/1953)?
1
Let g(d) = 2*d**3 - 8*d**2 + 9*d + 4. What is the units digit of g(5)?
9
Suppose 0 = -2*d + 2 + 8. Suppose 0 = p - 2*z + 1, -d*p - 3*z = -4*z - 31. What is the tens digit of 1248/56 + (-2)/p?
2
Suppose 3510 = 4*o + 2*t - t, 0 = -5*o + 4*t + 4398. What is the tens digit of o?
7
Let x(f) = -f**2 - 3*f + 6. Let j be 0 + 5 + (2 - -1). Suppose m - 3*m